6500 and 20.
20
What is the highest common divisor of 267769 and 111?
37
Calculate the greatest common divisor of 4985 and 138583.
997
Calculate the highest common factor of 1272 and 10123.
53
Calculate the highest common divisor of 45 and 645045.
15
Calculate the highest common divisor of 4313718 and 734.
734
Calculate the greatest common divisor of 1300 and 2490.
10
What is the highest common factor of 1024 and 976?
16
Calculate the highest common factor of 88180 and 80.
20
What is the highest common factor of 199063 and 76?
19
Calculate the greatest common divisor of 143 and 79783.
11
What is the greatest common factor of 82082 and 187?
11
Calculate the highest common divisor of 444 and 72668.
148
Calculate the greatest common factor of 90272 and 45864.
728
What is the greatest common factor of 705855 and 120?
15
Calculate the highest common divisor of 14080 and 1562.
22
What is the greatest common divisor of 12 and 471?
3
Calculate the greatest common factor of 75432 and 14.
14
Calculate the greatest common divisor of 512918 and 28.
14
Calculate the greatest common factor of 15904 and 9017.
71
What is the highest common factor of 31565 and 40125?
535
Calculate the greatest common divisor of 3234 and 56.
14
Calculate the greatest common divisor of 2583 and 55104.
861
What is the highest common divisor of 4607712 and 32?
32
What is the highest common divisor of 171 and 130112?
19
What is the greatest common divisor of 78 and 143026?
26
Calculate the greatest common divisor of 65506 and 182.
14
Calculate the greatest common divisor of 6453 and 2403.
27
What is the greatest common divisor of 2018530 and 1420?
710
Calculate the highest common divisor of 12 and 237514.
2
Calculate the highest common factor of 1625 and 703950.
325
What is the greatest common factor of 85920 and 29040?
240
What is the highest common divisor of 8244 and 612?
36
Calculate the greatest common factor of 204420 and 80.
20
What is the greatest common factor of 65955 and 30?
15
Calculate the highest common divisor of 7744 and 6292.
484
Calculate the highest common factor of 1420 and 1870.
10
What is the greatest common divisor of 1005559 and 2872?
359
Calculate the highest common factor of 80 and 46595.
5
What is the greatest common divisor of 38396 and 58?
58
What is the highest common divisor of 104615 and 177205?
2135
What is the greatest common divisor of 672 and 158424?
168
Calculate the greatest common factor of 11 and 5149848.
11
What is the greatest common factor of 375657 and 24?
3
Calculate the highest common divisor of 76874 and 21.
7
Calculate the greatest common divisor of 27834 and 18.
6
Calculate the greatest common factor of 1089 and 153.
9
Calculate the highest common factor of 3590 and 160.
10
Calculate the highest common factor of 6950 and 4250.
50
What is the greatest common divisor of 1247 and 4558?
43
Calculate the highest common factor of 176 and 261272.
88
Calculate the highest common factor of 691771 and 437.
437
What is the greatest common divisor of 168 and 104034?
42
What is the greatest common divisor of 8009 and 47?
1
Calculate the highest common factor of 178137 and 9.
9
Calculate the greatest common divisor of 245 and 1230.
5
What is the highest common divisor of 13 and 16259464?
13
Calculate the greatest common divisor of 1093502 and 1034.
94
Calculate the greatest common divisor of 20 and 20105.
5
Calculate the highest common divisor of 348 and 648.
12
What is the greatest common divisor of 3930 and 6810?
30
Calculate the highest common divisor of 84 and 93828.
84
What is the greatest common divisor of 264 and 32184?
24
Calculate the highest common divisor of 12558 and 2369874.
1794
Calculate the greatest common factor of 1278 and 38277.
9
What is the highest common factor of 19932 and 693?
33
Calculate the greatest common divisor of 810 and 482490.
270
Calculate the greatest common factor of 168 and 28520.
8
What is the greatest common divisor of 320 and 374600?
40
Calculate the highest common divisor of 20319 and 624.
39
Calculate the greatest common divisor of 16407119 and 23.
23
What is the highest common factor of 1792 and 11236736?
896
What is the greatest common factor of 106392 and 88?
88
What is the greatest common factor of 93 and 1699079?
31
What is the greatest common factor of 123 and 48749?
41
Calculate the greatest common divisor of 1328 and 24236.
332
Calculate the greatest common divisor of 171833 and 19251.
713
What is the highest common factor of 12 and 1340?
4
Calculate the highest common factor of 39 and 174837.
39
What is the highest common factor of 9725 and 200?
25
Calculate the highest common divisor of 133 and 878731.
133
Calculate the highest common divisor of 15 and 431835.
15
Calculate the greatest common factor of 13034 and 76.
38
Calculate the greatest common divisor of 90 and 6328305.
45
What is the highest common divisor of 243045 and 1980?
495
What is the highest common divisor of 945 and 336?
21
What is the greatest common divisor of 8234027 and 53?
53
Calculate the greatest common divisor of 4416 and 264.
24
What is the greatest common divisor of 8 and 5998?
2
Calculate the greatest common divisor of 7018 and 58.
58
Calculate the highest common factor of 16036 and 76.
76
Calculate the highest common divisor of 2546 and 1577.
19
Calculate the greatest common factor of 366 and 241926.
366
Calculate the greatest common divisor of 1579 and 4.
1
Calculate the greatest common divisor of 7353 and 28251.
387
What is the greatest common divisor of 4 and 75618?
2
What is the greatest common divisor of 140 and 363055?
35
Calculate the highest common divisor of 1518672 and 9744.
1392
Calculate the greatest common divisor of 2869 and 95.
19
What is the greatest common factor of 3130 and 33178?
626
Calculate the highest common divisor of 1468 and 11377.
367
What is the greatest common divisor of 1173 and 2001?
69
Calculate the highest common factor of 200 and 3072.
8
What is the highest common factor of 264 and 4818?
66
Calculate the greatest common factor of 119370 and 519.
519
Calculate the greatest common divisor of 385 and 20185.
55
Calculate the greatest common factor of 3292 and 99583.
823
What is the greatest common divisor of 8205 and 3675?
15
What is the highest common divisor of 265960 and 40?
40
What is the highest common divisor of 28 and 700658?
14
Calculate the highest common factor of 1080 and 84510.
270
Calculate the greatest common divisor of 92983 and 803.
11
Calculate the greatest common factor of 2511 and 4619.
31
Calculate the highest common factor of 57 and 58254.
57
Calculate the highest common divisor of 9 and 8067.
3
Calculate the greatest common factor of 1421 and 38773.
203
What is the greatest common divisor of 242 and 63613?
11
What is the greatest common divisor of 182064 and 1920?
48
Calculate the greatest common divisor of 152781 and 1143.
381
Calculate the greatest common divisor of 487872 and 896.
448
What is the highest common divisor of 16 and 123184?
16
Calculate the greatest common factor of 5 and 3390110.
5
What is the highest common factor of 24034 and 427?
61
Calculate the highest common factor of 23 and 2408284.
23
What is the greatest common factor of 28736 and 4939?
449
What is the highest common divisor of 1183 and 6084?
169
Calculate the greatest common divisor of 19494 and 24.
6
Calculate the greatest common divisor of 188325 and 18675.
225
What is the greatest common factor of 16732 and 1246?
178
What is the highest common divisor of 1942652 and 116?
116
What is the highest common divisor of 398290 and 50?
10
What is the highest common divisor of 1055 and 535?
5
Calculate the highest common divisor of 1125 and 16125.
375
What is the highest common factor of 13 and 216203?
13
What is the greatest common divisor of 376 and 481750?
94
Calculate the greatest common divisor of 70 and 99736.
14
Calculate the highest common divisor of 70 and 141890.
70
Calculate the highest common divisor of 23386 and 176.
22
Calculate the greatest common divisor of 10760 and 128.
8
Calculate the highest common factor of 492937 and 83.
83
What is the greatest common factor of 126414 and 162?
54
What is the highest common factor of 12771 and 19393?
473
What is the greatest common factor o